t l be o(4). Give s(l).
-4
Let l(t) = -2*t**3 + 2*t**2 - 2. Let a = 10 + -10. Suppose a = 3*s - 0*s - 6. What is l(s)?
-10
Let i be -6 - (2 + -4) - -7. Let o(h) = -8 - i*h + 15 + 11*h - 6. Suppose 2*l - 5*x = -3, 3 = x + 2*x. Determine o(l).
9
Let u(d) = -d**2 + 2*d - 3. Suppose -24 = 8*o - 11*o. Let g be (-9 + 0 + 3)*o/(-24). What is u(g)?
-3
Suppose -4*m - 6 = 3*p, -8*m = -4*p - 4*m - 36. Let l(a) = 2*a - a**3 - 2*a**2 - a**2 - 2 - 3*a**2. Determine l(p).
-14
Let r be 892/(-12) + (-6)/9. Let p be (-28)/5 + 30/r. Let w(n) = n**3 + 5*n**2 - 5*n. Determine w(p).
-6
Let i be -1 - ((-14)/2 - -1). Let z(n) = -9*n**2 + 3*n - 3. Let r(q) = 7*q**2 - 2*q + 2. Let u(v) = 5*r(v) + 4*z(v). What is u(i)?
-17
Let x(n) = -n + 2*n**3 - 9*n**3 + 2*n**2 + 3*n**2 - 7*n**2. Let z be -2 - -1*(3 + -2). Calculate x(z).
6
Suppose 3*d = 12*d - 45. Let w(r) be the third derivative of -5/6*r**3 + 0 + 0*r + 1/12*r**4 - r**2. What is w(d)?
5
Let i(n) = 3*n + 4 - n**2 - 4*n**2 + 2*n**3 - n**3. Let t be i(4). Suppose b - 2 + 3 = t. Let r(d) = -2*d**2 + 1. What is r(b)?
-1
Let s = 3 + 9. Let j(g) = -g**2 - 11 + 6*g + 4*g + 3*g. Let h be j(s). Let q(w) = -15*w**2 + 2*w - 1. What is q(h)?
-14
Let x(w) = 0*w**2 + 79 + 3*w**2 - 48 - 6*w - 30. Determine x(4).
25
Let q(i) = i**2 - 14*i + 5. Let n(s) = s**2 - 19*s + 6. Let c(b) = -3*n(b) + 4*q(b). Determine c(2).
8
Let h(z) = -z + 8. Let b be h(-7). Let f be (-4)/(-3)*b/5. Let u(m) = -2*m - 5. Give u(f).
-13
Let v = -22 - -16. Let h(o) = -1152*o**2 + 5 - 7*o - 1152*o**2 - 1146*o**2 + 3449*o**2. What is h(v)?
11
Let v(c) be the first derivative of -c**3/3 + 4*c**2 + 6*c - 95. Determine v(9).
-3
Suppose a - 5 = 0, 3*j = -2*a - 2*a + 83. Suppose j = -4*d - 3. Let h(x) be the first derivative of x**4/4 + 2*x**3 + x**2/2 - 3*x + 413. Give h(d).
-9
Suppose 10*g = 5*g + 15. Let c(n) = -g*n**2 + n**2 - 4*n**2 + n**2 + n. Suppose 0 = 5*f + 5 - 0. Determine c(f).
-6
Let j(u) = -u**3 + 20*u**2 - 22*u + 61. Let y be j(19). Let b(f) be the second derivative of -f**3 + 0 + 5/2*f**2 - f + 1/12*f**y. What is b(5)?
0
Let m(d) = 4 - 6 - 4 - 2*d. Let u be -1 - (44 - (2 + -2)). Let l be ((-2)/(-5))/(3/u). What is m(l)?
6
Let n be 192/15*(-10)/(-2). Suppose -n = -3*o + 26. Let v be ((-6)/(-5))/((-6)/o). Let y(q) = q**3 + 7*q**2 + 4*q - 6. Calculate y(v).
6
Let o(t) = 7*t + 7. Let s(r) = -9*r - 9. Let a(h) = 5*o(h) + 4*s(h). Calculate a(2).
-3
Let w = 7 - 9. Let k be w + 9/(-3) + 6. Let v(j) be the first derivative of -4*j**2 + j - 1. Give v(k).
-7
Let z(a) be the second derivative of -a**3/2 - 2*a**2 + 41*a - 2. Determine z(-2).
2
Let j(a) = -a**2 - 5*a + 11. Let o be j(-6). Suppose 5 = -5*c + 5*f, o*c + 1 = -2*f + 3. Let s(v) = c*v - 1 - 6*v - 2 + 5*v. Determine s(-6).
3
Suppose -126*f + 200 = -151*f. Let r(t) = t**2 - 9. Give r(f).
55
Let u(m) = 3*m**2 + 24*m + 42. Let b be u(-6). Let r(i) = 2*i**2 - 14*i + 11. Let j(s) = -s**2 + 7*s - 6. Let f(y) = 5*j(y) + 2*r(y). Calculate f(b).
-2
Let d(p) = -p**2 - 3*p - 3. Suppose 0 = -4*s + 2 + 18. Suppose 2*u + s*l = -44, 5*u + l = 29 - 116. Let n = 13 + u. Calculate d(n).
-7
Let g(u) = u**2 + 9*u - 19. Let m be g(-11). Let q(b) = b**m + 0 + 6*b**2 + 0*b**2 + 3*b - b**2 + 2. Give q(-4).
6
Let p(f) = 2*f + 1. Suppose 0 = -3*t + 19 - 1. What is p(t)?
13
Let w be 6/1 + 6/(-2). Suppose 5*p - 52 = -w*q - 20, 31 = 5*p + 4*q. Let n be (2 - p)/(2 - 1). Let c(h) = 2*h - 2. What is c(n)?
-12
Let f(n) = 9*n**3 - 6*n**2 + 2. Let b(h) = -2*h**3 + h**2 - 1. Let z(g) = 5*b(g) + f(g). Give z(0).
-3
Let h(x) be the third derivative of 0*x - 6*x**2 - 1/2*x**3 + 0 + 1/12*x**4. What is h(6)?
9
Let h(p) = 789 - 395 - 392 - p**2. Give h(2).
-2
Let c(v) = 6*v - 790 + 392 + 394. Determine c(2).
8
Let j(x) be the first derivative of -x**3/3 - x**2/2 + 8*x - 325. What is j(-6)?
-22
Suppose -796*r + 801*r = 5. Let y(w) = -20*w**2 - w + 1. What is y(r)?
-20
Let f(s) = -6*s**2 - s + 25. Let t(c) = c**2 - 2. Let g(i) = f(i) + 5*t(i). Determine g(0).
15
Let p(y) = y**2 + 9*y + 11. Let d be (-5)/(-7) - (-759)/(-161). Determine p(d).
-9
Let u(m) = -4*m. Let l(x) = 7*x - 3. Let p(j) = -3*l(j) - 5*u(j). Determine p(5).
4
Let c(d) = 9*d**2 - 14*d - 10. Let x(z) = 5*z**2 - 7*z - 5. Let k(i) = 6*c(i) - 11*x(i). Let a(j) = j - 9. Let s be a(5). Determine k(s).
7
Suppose -3*u - 5*d = 37, -2*d - 3*d = -5. Let o = u - -22. Let z(v) = 3*v - 12. What is z(o)?
12
Let y(f) = -f**2 - 10*f - 12. Let g be (-172)/20 + (-9)/(-15). Let n be y(g). Let o(d) = 5*d - n*d - d - d - 4. Calculate o(3).
-7
Let g(p) = -6*p**2 - 3*p**2 + 5*p + 16 - 11*p**2 + 28*p**2 - 9*p**2. Determine g(8).
-8
Let j(g) be the second derivative of 3*g**5/20 + g**2/2 + 2*g. Suppose 3*n - n = 12. Let c = n + -5. Determine j(c).
4
Let b be 0 + (2 - -1 - -5). Let c(j) = 74*j - 10. Let k(w) = -123*w + 19. Let l(t) = -5*c(t) - 3*k(t). Give l(b).
-15
Let j(d) be the first derivative of -3*d**2/2 - 18*d - 301. Determine j(-11).
15
Let c(v) = -11*v - 6. Let t(f) be the first derivative of -5*f**2/2 - 2*f + 6. Let n(g) = -4*c(g) + 10*t(g). What is n(3)?
-14
Suppose 0 = -3*p - 0*p - 111. Let x = 38 + p. Let i(b) be the third derivative of b**6/40 - b**5/60 + b**3/6 + b**2. Calculate i(x).
3
Let w(j) = j**3 - 3*j**2 - 2*j - 7. Let g be 0/(0 + 7) + (-6 - -6). Give w(g).
-7
Let i(x) = 7*x**2 - x - 1. Let r(w) = w. Let u be r(1). Let l = -2 + u. What is i(l)?
7
Let k be -18*(22/55)/(16/20). Let g(j) = -j**2 - 13*j + 11. Determine g(k).
47
Let m(u) = -11*u**2 - 27*u + 40. Let k(q) = -9*q**2 - 26*q + 34. Let i(p) = 7*k(p) - 6*m(p). Determine i(7).
5
Suppose -s = -2*s - 7. Let i(o) = -o**3 - 7*o**2 - 2. Determine i(s).
-2
Let a(y) = 4*y - 5. Let q be a(4). Suppose -3*m = 2*g - 15, 3*g + 6 = 6*g - m. Suppose z - 17 = -g*j, -z + 2*z + q = 4*j. Let t(o) = o - 4. Calculate t(j).
0
Let r(a) = 3*a + 5. Let i be (26/(-10) + 2)*5. Let w(t) = -2*t - 2. Let g(f) = i*r(f) - 7*w(f). What is g(-2)?
-11
Let t(h) be the first derivative of h**4/4 - 13*h**3/3 - h**2/2 + 6*h - 158. Give t(13).
-7
Let m(r) be the first derivative of 3*r**2 + 8*r - 4. Let s(c) be the first derivative of -3*c**2/2 - 4*c - 1. Let x(f) = -6*m(f) - 11*s(f). Give x(-3).
5
Suppose -f + 2*c + 17 = 2*f, -f + 3*c + 8 = 0. Let k be ((-6)/21)/((-2)/14). Let b(y) = -7 - 46*y**3 - 5*y - 7*y**k + 3*y**2 + 47*y**3. Determine b(f).
-7
Let v(c) be the first derivative of c**4/24 + c**3/6 + 15*c**2/2 - 25. Let u(t) be the second derivative of v(t). Calculate u(6).
7
Let n(g) = g**3 - 6*g**2 + 2*g - 3. Let y = 370 - 364. Calculate n(y).
9
Let z be ((-8)/(-3))/((-2)/(-3)). Suppose 0 = 2*r + 4*v - 5 - 21, 0 = 2*r + 5*v - 31. Let i(g) = g**r + 5*g**2 - 3 - g - 2*g**3 + 2 - 1. Determine i(z).
10
Let y be (1 - 5) + (-4 - (7 - 8)). Let m(z) be the second derivative of -z**5/20 - 2*z**4/3 - 7*z**3/6 + 2*z**2 + z. What is m(y)?
4
Let r(o) be the first derivative of -2*o**3/3 + 11*o**2/2 - 9*o - 753. What is r(5)?
-4
Let o(c) be the third derivative of c**6/120 - c**5/60 - c**4/4 - 5*c**3/6 - 136*c**2 + 1. What is o(-2)?
-5
Let p(x) = 2*x + 2. Let u be 4/(-2) - 2*26/(-4). Let g = u + -15. Give p(g).
-6
Let i(u) = -u + 4. Suppose 3*n = 4*m + 13 + 11, -n + 18 = 2*m. Suppose 0 = 3*b - 9*b + n. Determine i(b).
2
Let z(d) = 5. Let r(j) = -j - 2. Let n(w) = 3*r(w) + z(w). Suppose 6 = 19*v - 16*v. Determine n(v).
-7
Let z(n) be the third derivative of 7*n**4/24 - n**3/2 - 38*n**2 + 2*n. What is z(-6)?
-45
Let g(j) = -2*j**2 + 2*j - 1. Let y(x) = x**2 + 5*x - 2. Let q be y(-3). Let f(t) = -t**3 + t + 1 - 20*t**2 - 6*t**2 - 9*t + 17*t**2. Let v be f(q). Give g(v).
-1
Let z(k) be the first derivative of k**4/4 + 5*k**3/3 - 2*k**2 - 5*k + 145. Calculate z(-5).
15
Let s(i) = -4*i**2 + 2*i + 1. Let o(w) = w**2 - 4*w - 46. Let f be o(-5). Calculate s(f).
-5
Suppose 32 - 20 = 2*g. Let c(m) = 7*m - 5*m**2 - 3 + 4 - 1 + m**3 - g. Let d = -3 + 7. Calculate c(d).
6
Suppose 4*g - 37 = -3*f, 16 = -3*g + 7*g. Let p(u) = -u**3 + 7*u**2 + 4. Determine p(f).
4
Let x(q) = -3 - 3*q**2 - 4*q + 0*q**2 + 2*q**2. What is x(-4)?
-3
Let o(h) = -1181 + h + 3*h**2 + 1187 - 6*h. Let n(x) = -8*x**2 + 14*x - 17. Let g(l) = 4*n(l) + 11*o(l). Give g(-3).
4
Suppose -3*x + 33 = -i, 5*i - 4*x + 91 = -19. Let d(v) = -v**3 - 19*v**2 - 16*v + 40. Give d(i).
4
Let z(p) be the first derivative of p**3/3 - p*